of k.
3
Let v = 16661 + 6018. List the prime factors of v.
22679
Let i(v) = 25*v**2 + 5*v - 2. Let s(c) = -24*c**2 - 4*c + 2. Let t(d) = -2*d - 26. Let p be t(-10). Let r(g) = p*s(g) - 5*i(g). List the prime factors of r(2).
2, 3
Let i = 59 - -4. Suppose -12*f + 529 = 241. Suppose -y + f = -i. List the prime factors of y.
3, 29
Let q be 1638/(-36)*192/(-7). Suppose 5*g + 0*g + 4*p = 6124, -g + 5*p + q = 0. What are the prime factors of g?
2, 307
Suppose 110*g = 231952 + 30896 + 569852. List the prime factors of g.
2, 5, 757
Let w(s) = 5815*s**2 + 29*s + 132. What are the prime factors of w(3)?
2, 3, 19, 461
Let n(w) = -w - 7. Let u be n(-7). Suppose u = 3*v + 13*v - 4000. List the prime factors of v.
2, 5
Suppose 0 = -5*c - 173 - 142. Let j be 1/(-4) - c/28. What are the prime factors of ((-1 + j)*-222)/((-6)/3)?
3, 37
Let x(h) = 2*h**2 + 3*h - 2. Let r be x(1). List the prime factors of r/(-6)*1/(2/(-1044)).
3, 29
Suppose -13452 - 5715 = -3*l. Suppose -14*y = -3145 - l. What are the prime factors of y?
3, 227
Let s(x) = -6*x**2 - 9*x - 2. Let r be s(4). Let b(y) = -y**2 - 14*y + 8. Let u be b(10). Let k = r - u. What are the prime factors of k?
2, 7
Let a(z) = -3136*z - 958. List the prime factors of a(-1).
2, 3, 11
Let s = -4258 + 6385. What are the prime factors of s?
3, 709
Let r(u) = -60*u**3 + 17*u**2 + 82*u - 17. List the prime factors of r(-6).
13063
Suppose -13*u + 4110 = -25634. Let r = -819 + u. List the prime factors of r.
13, 113
Let v(t) = 4*t**2 + 36*t + 35. Let h be v(-8). Let b = -1 - -1. Suppose b = -i - 5*m + 84, -h*m = i - 8*m - 64. List the prime factors of i.
2, 37
Let q be (4 - (-112)/(-24))*12. What are the prime factors of (-1 - -686 - q) + -6?
3, 229
Suppose 0 = -13*k + 8*k. Suppose k*q - 10*q + 1670 = 0. List the prime factors of -5 + q/4 + 2/8.
37
Let b = -6 + 4. Let o(j) = 17*j**3 - 6*j**2 - 4*j + 16. Let s(a) = 17*a**3 - 5*a**2 - 3*a + 14. Let r(g) = 6*o(g) - 7*s(g). What are the prime factors of r(b)?
2, 17
Suppose -335167 = -81*r + 193601. What are the prime factors of r?
2, 3, 17
Suppose 5*z - 36040 = -3*j, 3*z + 280*j - 275*j - 21624 = 0. What are the prime factors of z?
2, 17, 53
Suppose -11*k + 5 = -28. Let m = k - -2. Suppose -m*l + 105 = 3*b - 23, -l = -5*b + 260. List the prime factors of b.
3, 17
Let d = 2902 + -2638. Let p = -255 - -124. Let x = d + p. List the prime factors of x.
7, 19
Let p = 52 + -53. List the prime factors of p - (-3)/(18/1644).
3, 7, 13
Let w(y) = -y**3 - 7*y**2 - 15*y - 11. Let c be w(-4). Let i(q) = 108*q**2 + q - 1. What are the prime factors of i(c)?
2, 3
Let v(t) = 26*t**2 - 5*t + 9. Let a be v(3). What are the prime factors of 97836/a + (-6)/57?
3, 11, 13
Let h be (93/15)/((-21)/(-105)). Suppose -h*f = -32*f + 570. List the prime factors of f.
2, 3, 5, 19
Let m = -181 - -181. Suppose -3*d + 109 + 521 = m. What are the prime factors of d?
2, 3, 5, 7
Let l = 42 - 38. List the prime factors of l/18 - (-34)/9 - -130.
2, 67
Let b(m) = -21 - 4*m**2 - 10*m**2 + 40*m + 4*m**2 + 4*m**2. Let l(v) = v**2 - 8*v + 4. Let q(w) = 2*b(w) + 11*l(w). What are the prime factors of q(-7)?
3
Let v = 3647 + 804. List the prime factors of v.
4451
Suppose 550923 = 51*b - 1050208 - 274802. List the prime factors of b.
3, 61, 67
Let i(z) = 15*z**2 + 31*z + 20. Suppose 0 = 28*d + 322 - 98. List the prime factors of i(d).
2, 3, 61
Let r(k) = 94*k + 16649. What are the prime factors of r(21)?
11, 1693
Let t(z) = 103*z. Let f be t(1). Let o = -100 + f. Suppose o*h + 472 = 4*i - 219, 5*i - 850 = h. What are the prime factors of i?
13
Let f = -61 - -66. Suppose f*i + 265 = -5*u, 0 = -3*u - 5*i - 201 + 32. What are the prime factors of (90/8)/((-18)/u)?
2, 3, 5
Suppose -5*l = -2377 - 7253. Suppose -2*h - l = -5*h. Suppose 8*q - h = 2*q. What are the prime factors of q?
107
Suppose 2*l + 0*l + x = 2859, -2*l + 2884 = -4*x. Suppose 2120 + l = 24*w. What are the prime factors of w?
2, 37
Let m(b) = -79*b + 155. Suppose 4*i - 68 = 4*d, -4*d + d - 4*i = 23. What are the prime factors of m(d)?
2, 3, 197
Let t(y) = -2*y**2 + 8 + 10 - y**2 - y**3. What are the prime factors of t(0)?
2, 3
Suppose 30*i = 34*i - 53504. List the prime factors of i.
2, 11, 19
Let y = 404 + -427. What are the prime factors of y/5 + 10/(-25) - -169?
2, 41
Let d(o) = -27*o**3 + o**2 + o - 12. Let z be d(-3). Let c = -208 + z. What are the prime factors of c?
5, 103
Let d = 998 - 4436. Let v = d + 5066. What are the prime factors of v?
2, 11, 37
Suppose -164*s + 2*l = -166*s + 5260, -4*l - 10552 = -4*s. What are the prime factors of s?
2, 3, 439
Suppose 553*q - 5927650 = 8722426. List the prime factors of q.
2, 37, 179
Suppose -5*c - 8516 = 4*o, 4*c + 2*o + 8532 - 1724 = 0. List the prime factors of 4/(-12) - 1/(6/c).
283
Suppose -28*v + 296 = -65*v. Let r be -2 - -22 - 0/(-1). List the prime factors of 252/(-10)*r/v.
3, 7
Let w(o) = 2188*o - 7293. What are the prime factors of w(44)?
11, 8089
Let w(n) = 2*n**3 - 28*n**2 + 31*n - 56. Let g be w(13). Suppose -2*s = g*s - 9240. List the prime factors of s.
2, 3, 5, 7
Let w = 3234 - -5171. Suppose -40*d + w = d. What are the prime factors of d?
5, 41
Suppose -3*s - 665475 = -54*v, -2*v - s - 24641 = -4*v. What are the prime factors of v?
2, 3, 13, 79
Suppose 47 = p + 45. Let h(q) = 4 - 2*q**2 - 101*q**3 - q + 0*q**p + 115*q**3. List the prime factors of h(2).
2, 53
Suppose 11*y - 12*y - 51 = 0. Let z = y - -8. Let j = -14 - z. List the prime factors of j.
29
What are the prime factors of ((-1568)/3)/(18 - (-433)/(-24))?
2, 7
Let a(c) be the second derivative of -c**5/20 + 2*c**4/3 + 23*c**3/6 - c**2 - 19*c. List the prime factors of a(10).
2, 7
Let o be (-33)/11 + (-6)/(-1). Suppose 0 = m + c - 94, 2*m - 5*c - 31 = 164. Suppose o*h - m = 55. List the prime factors of h.
2, 5
Let j(y) = 36*y**2 + 36*y - 215. What are the prime factors of j(14)?
5, 13, 113
Suppose 2*d = 11*d - 90. List the prime factors of (-75)/(-3)*(d + 1 + 2).
5, 13
Let w = -2108 + -292. Let y = -967 - w. List the prime factors of y.
1433
Let z(d) = -d**3 + 2*d**2 + 2*d + 4. Let j be z(0). Suppose 4 = -4*l - 4*g, l + j*g + 4 = -l. What are the prime factors of (l + 1/2)/((-4)/(-688))?
2, 43
Let j be 0 + 2/10 + 42/15. Let q(p) = -6*p - 7 + 17*p**3 - 11*p**3 - 5*p**j. List the prime factors of q(5).
2, 11
Suppose 23*f = -18*f + 471850 + 207110. What are the prime factors of f?
2, 3, 5, 23
Suppose 8*s + 85 - 1205 = 0. Suppose -41*d - s = -46*d. List the prime factors of d.
2, 7
Suppose -9 = -z + 4*z, 4*z + 18 = 3*h. List the prime factors of (5949/27)/(h/6).
661
Let i(g) = 5*g**2 + 2*g - 6. Let b be i(-4). Let t = -66 + b. What are the prime factors of t + 315/6 + (-2)/(-4)?
53
Suppose -4*s + 10 = p, 6*s - 2*p - 2 = 3*s. Suppose 0 = -s*h + 6*h - 2*y - 14, 0 = y - 3. Suppose -l - h*l = -888. List the prime factors of l.
2, 37
Let a = -3366 - -3873. List the prime factors of a.
3, 13
Let k be (-15)/((-248)/480 + (-2)/(-3)). Let r = 103 + k. List the prime factors of (-20 + 12/r)*(-75)/6.
2, 5
List the prime factors of (-9773)/(-2) + 0 + -7*8/(-112).
3, 181
Let i(l) be the third derivative of 0*l - 18*l**2 + 0 + 1/3*l**3 + 1/24*l**4 + 7/60*l**5. List the prime factors of i(3).
2, 17
Let u = 142 + -64. Let h be (u/18 + -2)*1*93. Suppose -s - 2*j + h = 0, -3*s + 3*j + 651 = -0. What are the prime factors of s?
7, 31
Let k(v) = -55*v - 45. Suppose -30*r + 18 = -39*r. List the prime factors of k(r).
5, 13
Let j be (-1 + (-8)/(-6))*(-1740)/(-10). Suppose -5*p = 2*s - 6 - 7, 0 = 2*s - 4*p - j. Let l = s + 3. What are the prime factors of l?
2, 11
Let g(j) = 37*j**2 - 159*j - 16. What are the prime factors of g(-10)?
2, 3, 293
Suppose -t = 2, 2*t + 2*t = 5*p - 108. Suppose -6*h - p = -2. What are the prime factors of 10/(-15) - -1 - 161/h?
2, 3
Suppose 1812 = -7*n + 9400. Suppose -10*d = -n - 686. List the prime factors of d.
3, 59
Suppose -4*u + 16 = 0, 3*u + 17522 = 5*f - 3*f. List the prime factors of f.
11, 797
Suppose 0 = -j - 5, 10*z - 6*z - j + 6859 = 0. Let d = -644 - z. What are the prime factors of d?
2, 67
Let c be 206/14 - (-16)/56. Let n be c/20 + (-1)/(-4). What are the prime factors of -14*(-2)/(-8)*(n + -37)?
2, 3, 7
Let j = 177 - 174. Suppose 5*v = -3*a - 0*a + 1677, 3*v + j*a - 1011 = 0. What are the prime factors of